ens digit of 1726?
2
What is the hundreds digit of 528?
5
What is the thousands digit of 8990?
8
What is the hundreds digit of 1180?
1
What is the hundreds digit of 2787?
7
What is the units digit of 8334?
4
What is the units digit of 125856?
6
What is the tens digit of 331?
3
What is the hundreds digit of 26475?
4
What is the tens digit of 10777?
7
What is the hundreds digit of 4879?
8
What is the units digit of 38737?
7
What is the ten thousands digit of 45596?
4
What is the tens digit of 8581?
8
What is the thousands digit of 1693?
1
What is the units digit of 1764?
4
What is the ten thousands digit of 10705?
1
What is the thousands digit of 3314?
3
What is the units digit of 9834?
4
What is the thousands digit of 76996?
6
What is the tens digit of 3943?
4
What is the hundreds digit of 10473?
4
What is the tens digit of 5356?
5
What is the units digit of 1781?
1
What is the units digit of 103287?
7
What is the tens digit of 11352?
5
What is the units digit of 1511?
1
What is the ten thousands digit of 66036?
6
What is the units digit of 1240?
0
What is the units digit of 9013?
3
What is the thousands digit of 28871?
8
What is the tens digit of 692?
9
What is the tens digit of 8476?
7
What is the tens digit of 811?
1
What is the thousands digit of 4018?
4
What is the ten thousands digit of 73239?
7
What is the units digit of 8075?
5
What is the units digit of 69965?
5
What is the thousands digit of 5811?
5
What is the hundreds digit of 30400?
4
What is the tens digit of 1577?
7
What is the units digit of 6409?
9
What is the ten thousands digit of 12967?
1
What is the tens digit of 126592?
9
What is the units digit of 5063?
3
What is the tens digit of 83794?
9
What is the tens digit of 79415?
1
What is the hundreds digit of 14355?
3
What is the units digit of 21462?
2
What is the units digit of 851?
1
What is the hundreds digit of 86726?
7
What is the hundreds digit of 10942?
9
What is the thousands digit of 1878?
1
What is the tens digit of 229?
2
What is the thousands digit of 1483?
1
What is the units digit of 48371?
1
What is the thousands digit of 113847?
3
What is the thousands digit of 41927?
1
What is the units digit of 7181?
1
What is the tens digit of 2639?
3
What is the thousands digit of 7524?
7
What is the thousands digit of 41406?
1
What is the thousands digit of 2815?
2
What is the thousands digit of 71890?
1
What is the ten thousands digit of 11960?
1
What is the units digit of 1698?
8
What is the units digit of 748?
8
What is the hundreds digit of 30121?
1
What is the tens digit of 946?
4
What is the tens digit of 57?
5
What is the thousands digit of 8429?
8
What is the hundreds digit of 867?
8
What is the thousands digit of 4908?
4
What is the units digit of 58343?
3
What is the units digit of 287?
7
What is the tens digit of 1716?
1
What is the hundreds digit of 991?
9
What is the hundreds digit of 8651?
6
What is the hundreds digit of 13226?
2
What is the tens digit of 337?
3
What is the ten thousands digit of 12783?
1
What is the hundreds digit of 16606?
6
What is the thousands digit of 5584?
5
What is the tens digit of 3383?
8
What is the ten thousands digit of 36480?
3
What is the tens digit of 36?
3
What is the hundreds digit of 83609?
6
What is the hundreds digit of 97612?
6
What is the thousands digit of 53556?
3
What is the thousands digit of 3919?
3
What is the units digit of 24767?
7
What is the ten thousands digit of 10074?
1
What is the hundreds digit of 11907?
9
What is the hundreds digit of 12203?
2
What is the units digit of 27338?
8
What is the tens digit of 3612?
1
What is the tens digit of 11721?
2
What is the units digit of 5440?
0
What is the tens digit of 26155?
5
What is the ten thousands digit of 25984?
2
What is the hundreds digit of 32024?
0
What is the tens digit of 354?
5
What is the units digit of 31645?
5
What is the tens digit of 71783?
8
What is the units digit of 1717?
7
What is the thousands digit of 61446?
1
What is the thousands digit of 3251?
3
What is the thousands digit of 3584?
3
What is the tens digit of 2076?
7
What is the units digit of 742?
2
What is the tens digit of 653?
5
What is the units digit of 988?
8
What is the hundreds digit of 815?
8
What is the thousands digit of 7960?
7
What is the units digit of 215?
5
What is the units digit of 51873?
3
What is the tens digit of 357?
5
What is the units digit of 25662?
2
What is the hundreds digit of 152384?
3
What is the units digit of 2596?
6
What is the tens digit of 5392?
9
What is the units digit of 3983?
3
What is the tens digit of 1457?
5
What is the thousands digit of 1319?
1
What is the tens digit of 48693?
9
What is the tens digit of 150646?
4
What is the units digit of 1635?
5
What is the tens digit of 394?
9
What is the hundreds digit of 72278?
2
What is the tens digit of 4887?
8
What is the hundreds digit of 1252?
2
What is the units digit of 137?
7
What is the units digit of 2084?
4
What is the tens digit of 1620?
2
What is the tens digit of 839?
3
What is the thousands digit of 47127?
7
What is the tens digit of 137287?
8
What is the hundreds digit of 4447?
4
What is the units digit of 6236?
6
What is the hundreds digit of 1760?
7
What is the hundreds digit of 908?
9
What is the hundreds digit of 69876?
8
What is the units digit of 70205?
5
What is the tens digit of 4589?
8
What is the thousands digit of 27237?
7
What is the tens digit of 6156?
5
What is the units digit of 847?
7
What is the hundreds digit of 1207?
2
What is the tens digit of 119399?
9
What is the units digit of 3413?
3
What is the hundreds digit of 4857?
8
What is the hundreds digit of 3654?
6
What is the units digit of 8537?
7
What is the tens digit of 90?
9
What is the units digit of 4183?
3
What is the thousands digit of 1267?
1
What is the tens digit of 55494?
9
What is the hundreds digit of 960?
9
What is the hundreds digit of 1479?
4
What is the thousands digit of 16415?
6
What is the thousands digit of 2020?
2
What is the hundreds digit of 62057?
0
What is the hundreds digit of 1632?
6
What is the units digit of 40317?
7
What is the units digit of 66285?
5
What is the units digit of 369?
9
What is the tens digit of 4447?
4
What is the tens digit of 2983?
8
What is the tens digit of 625?
2
What is the tens digit of 34091?
9
What is the hundreds digit of 5458?
4
What is the tens digit of 3720?
2
What is the tens digit of 1803?
0
What is the tens digit of 9897?
9
What is the units digit of 3381?
1
What is the thousands digit of 1223?
1
What is the hundreds digit of 6047?
0
What is the units digit of 49453?
3
What is the ten thousands digit of 54353?
5
What is the tens digit of 35345?
4
What is the tens digit of 204?
0
What is the tens digit of 85?
8
What is the units digit of 25391?
1
What is the hundreds digit of 1340?
3
What is the tens digit of 1222?
2
What is the hundreds digit of 8259?
2
What is the ten thousands digit of 10242?
1
What is the tens digit of 18572?
7
What is the hundreds digit of 688?
6
What is the tens digit of 1094?
9
What is the tens digit of 6678?
7
What is the tens digit of 6653?
5
What is the hundreds digit of 432?
4
What is the hundreds digit of 971?
9
What is the tens digit of 965?
6
What is the units digit of 35798?
8
What is the units digit of 106049?
9
What is the units digit of 341?
1
What is the units digit of 1513?
3
What is the hundreds digit of 963?
9
What is the hundreds digit of 30616?
6
What is the ten thousands digit of 28698?
2
What is the tens digit of 26?
2
What is the hundred thousands digit of 128939?
1
What is the tens digit of 331?
3
What is the hundreds digit of 3830?
8
What is the hundreds digit of 74708?
7
What is the hundreds digit of 470?
4
What is the thousands digit of 2575?
2
What is the units digit of 861?
1
What is the tens digit of 334?
3
What is the ten thousands digit of 32039?
3
What is the units digit of 83377?
7
What is the thousands digit of 32314?
2
What is the tens digit of 3081?
8
What is the thousands digit of 15802?
5
What is the tens digit of 977?
7
What is the thousands digit of 8045?
8
What is the thousands digit of 1028?
1
What is the ten thousands digit of 12042?
1
What is the hundreds digit of 17040?
0
What is the thousands digit of 21263?
1
What is the units digit of 